f 65193?
False
Is 1186 a multiple of 3?
False
Is 4888 a multiple of 13?
True
Does 51 divide 9996?
True
Is 69 a factor of 9039?
True
Is 983 a multiple of 33?
False
Is 14 a factor of 7812?
True
Does 8 divide 544?
True
Does 15 divide 800?
False
Is 12 a factor of 14340?
True
Is 2765 a multiple of 79?
True
Does 2 divide 1682?
True
Is 52346 a multiple of 21?
False
Does 45 divide 2212?
False
Is 2294 a multiple of 37?
True
Is 71 a factor of 1633?
True
Does 4 divide 153?
False
Does 22 divide 2970?
True
Is 16 a factor of 368?
True
Does 7 divide 27300?
True
Does 6 divide 15504?
True
Is 3 a factor of 864?
True
Is 40 a factor of 326?
False
Does 103 divide 932?
False
Is 25 a factor of 1708?
False
Is 9 a factor of 891?
True
Is 6 a factor of 1332?
True
Does 31 divide 775?
True
Is 5488 a multiple of 3?
False
Is 19 a factor of 1444?
True
Does 231 divide 6296?
False
Does 14 divide 22372?
True
Is 9 a factor of 2844?
True
Does 17 divide 4059?
False
Does 19 divide 1569?
False
Is 4005 a multiple of 8?
False
Does 43 divide 18490?
True
Is 15470 a multiple of 91?
True
Is 78 a factor of 4277?
False
Is 61 a factor of 6371?
False
Is 62950 a multiple of 12?
False
Does 115 divide 6083?
False
Is 671 a multiple of 18?
False
Is 67 a factor of 1453?
False
Is 7380 a multiple of 36?
True
Is 3672 a multiple of 153?
True
Is 1863 a multiple of 81?
True
Is 1361 a multiple of 13?
False
Does 40 divide 17920?
True
Is 437 a multiple of 19?
True
Is 8 a factor of 293?
False
Is 1593 a multiple of 49?
False
Does 11 divide 32010?
True
Does 8 divide 2110?
False
Is 986 a multiple of 58?
True
Is 1521 a multiple of 117?
True
Does 14 divide 8764?
True
Is 574 a multiple of 3?
False
Does 3 divide 2571?
True
Is 10626 a multiple of 11?
True
Is 126072 a multiple of 17?
True
Is 51 a factor of 714?
True
Does 12 divide 11380?
False
Is 4 a factor of 96?
True
Is 7 a factor of 57?
False
Does 231 divide 44352?
True
Does 7 divide 8848?
True
Is 108 a factor of 6696?
True
Is 24 a factor of 312?
True
Is 25 a factor of 1825?
True
Is 33 a factor of 3498?
True
Is 8748 a multiple of 4?
True
Is 14653 a multiple of 10?
False
Is 316 a multiple of 4?
True
Does 18 divide 972?
True
Is 2526 a multiple of 6?
True
Is 15 a factor of 4650?
True
Is 1841 a multiple of 33?
False
Does 5 divide 1538?
False
Is 31 a factor of 872?
False
Does 103 divide 11639?
True
Is 52 a factor of 21632?
True
Does 56 divide 5432?
True
Does 90 divide 36720?
True
Does 9 divide 10?
False
Is 4510 a multiple of 15?
False
Is 95300 a multiple of 19?
False
Does 27 divide 2271?
False
Is 14346 a multiple of 8?
False
Is 6108 a multiple of 5?
False
Is 766 a multiple of 22?
False
Does 20 divide 3120?
True
Does 26 divide 8268?
True
Is 21 a factor of 198?
False
Does 65 divide 4485?
True
Does 52 divide 3120?
True
Is 12523 a multiple of 2?
False
Is 49 a factor of 1470?
True
Does 8 divide 149?
False
Is 132 a multiple of 11?
True
Is 8 a factor of 1024?
True
Is 117 a multiple of 9?
True
Does 263 divide 24152?
False
Is 13685 a multiple of 35?
True
Is 390 a multiple of 40?
False
Is 2549 a multiple of 54?
False
Is 16 a factor of 720?
True
Is 27 a factor of 27287?
False
Is 7 a factor of 21881?
False
Is 259 a multiple of 7?
True
Is 71 a factor of 213?
True
Does 9 divide 135?
True
Does 128 divide 20992?
True
Is 16650 a multiple of 30?
True
Is 5556 a multiple of 164?
False
Does 22 divide 1916?
False
Does 55 divide 4565?
True
Is 52 a factor of 7510?
False
Is 9 a factor of 30815?
False
Is 91 a factor of 26390?
True
Is 2 a factor of 28?
True
Is 21 a factor of 2942?
False
Is 10 a factor of 28923?
False
Does 253 divide 83342?
False
Is 22484 a multiple of 308?
True
Does 35 divide 39515?
True
Is 2 a factor of 159?
False
Does 27 divide 719?
False
Is 20 a factor of 46?
False
Is 825 a multiple of 15?
True
Does 67 divide 335?
True
Is 2760 a multiple of 46?
True
Is 46 a factor of 4600?
True
Is 29 a factor of 2567?
False
Is 2680 a multiple of 32?
False
Is 17 a factor of 6273?
True
Is 1484 a multiple of 7?
True
Is 78 a factor of 312?
True
Is 186 a factor of 24180?
True
Does 10 divide 130?
True
Does 41 divide 5871?
False
Is 35 a factor of 1912?
False
Does 93 divide 10044?
True
Does 44 divide 901?
False
Is 42 a factor of 1768?
False
Does 19 divide 8303?
True
Is 2320 a multiple of 5?
True
Does 21 divide 273?
True
Is 84 a factor of 1512?
True
Is 36 a factor of 124668?
True
Is 6 a multiple of 3?
True
Is 37 a factor of 34283?
False
Is 8 a factor of 1038?
False
Is 50 a factor of 10784?
False
Is 3528 a multiple of 7?
True
Does 3 divide 4482?
True
Does 4 divide 2543?
False
Is 51 a factor of 2193?
True
Is 28 a factor of 514?
False
Does 11 divide 1297?
False
Is 1034 a multiple of 47?
True
Is 292 a multiple of 16?
False
Is 308 a multiple of 11?
True
Is 5895 a multiple of 13?
False
Does 34 divide 8404?
False
Does 2 divide 5955?
False
Does 20 divide 8420?
True
Is 23 a factor of 8606?
False
Does 12 divide 2869?
False
Is 34 a factor of 4245?
False
Does 16 divide 9392?
True
Is 13 a factor of 10538?
False
Is 9 a factor of 495?
True
Does 118 divide 7116?
False
Is 12 a factor of 8856?
True
Is 754 a multiple of 26?
True
Is 34 a factor of 672?
False
Is 4 a factor of 940?
True
Does 65 divide 9685?
True
Is 17855 a multiple of 58?
False
Does 254 divide 59944?
True
Is 45383 a multiple of 59?
False
Is 39 a factor of 4525?
False
Does 27 divide 594?
True
Does 3 divide 915?
True
Does 80 divide 15440?
True
Does 60 divide 3943?
False
Is 155 a factor of 61515?
False
Does 97 divide 6050?
False
Is 12 a factor of 1716?
True
Is 1127 a multiple of 49?
True
Does 13 divide 3293?
False
Is 6429 a multiple of 74?
False
Is 83 a factor of 2231?
False
Is 6 a factor of 8340?
True
Is 47 a factor of 60147?
False
Is 1186 a multiple of 49?
False
Does 14 divide 1120?
True
Is 19 a factor of 874?
True
Does 26 divide 8156?
False
Does 9 divide 6174?
True
Does 25 divide 789?
False
Is 23 a factor of 4324?
True
Does 6 divide 480?
True
Does 22 divide 19119?
False
Is 7140 a multiple of 84?
True
Is 93 a factor of 3720?
True
Is 29 a factor of 1072?
False
Is 125 a factor of 16963?
False
Is 12412 a multiple of 107?
True
Is 26 a factor of 790?
False
Does 128 divide 17891?
False
Is 20 a factor of 1629?
False
Is 11 a factor of 8921?
True
Does 4 divide 152?
True
Is 27 a factor of 162?
True
Is 40 a factor of 121334?
False
Does 25 divide 6477?
False
Is 13625 a multiple of 109?
True
Does 11 divide 36683?
False
Does 31 divide 4743?
True
Is 2 a factor of 3039?
False
Does 20 divide 1140?
True
Is 13 a factor of 1029?
False
Is 66 a factor of 253?
False
Does 44 divide 7612?
True
Does 65 divide 2535?
True
Does 4 divide 4672?
True
Does 38 divide 1254?
True
Is 354 a multiple of 26?
False
Does 338 divide 46644?
True
Does 3 divide 2610?
True
Is 17 a factor of 74431?
False
Does 10 divide 540?
True
Is 923 a multiple of 15?
False
Is 5406 a multiple of 17?
True
Is 283 a factor of 22357?
True
Does 19 divide 836?
True
Is 3 a factor of 30?
True
Does 39 divide 12591?
False
Does 30 divide 64882?
False
Does 10 divide 450?
True
Does 36 divide 2351?
False
Does 6 divide 5898?
True
Is 3632 a multiple of 8?
True
Is 15589 a multiple of 7?
True
Is 1309 a multiple of 11?
True
Does 16 divide 1613?
False
Is 12181 a multiple of 47?
False
Is 2 a factor of 2572?
True
Does 7 divide 287?
True
Is 48 a multiple of 2?
True
Is 60690 a multiple of 14?
True
Is 11 a factor of 1723?
False
Is 15023 a multiple of 29?
False
Is 17 a factor of 661?
False
Is 44 a factor of 7964?
True
Does 13 divide 11629?
False
Does 67 divide 111?
False
Is 18 a multiple of 4?
False
Does 40 divide 1023?
False
Is 55 a factor of 45348?
False
Is 29171 a multiple of 19?
False
Does 44 divide 924?
True
Is 136 a factor of 156808?
True
Is 46 a factor of 2299?
False
Is 1124 a multiple of 4?
True
Is 2755 a multiple of 51?
False
Does 25 divide 2950?
True
Does 3 divide 12406?
False
Is 63316 a multiple of 11?
True
Is 25 a factor of 2175?
True
Is 57 a factor of 798?
True
Is 20 a factor of 35980?
True
Is 2133 a multiple of 27?
True
Is 15 a factor of 3860?
False
Is 108 a multiple of 36?
True
Is 6722 a multiple of 121?
False
Is 10121 a multiple of 20?
False
Is 32 a factor of 18944?
True
Is 105 a factor of 1592?
False
Is 121 a factor of 363?
True
Does 15 divide 222?
False
Does 13 divide 7995?
True
Is 2 a factor of 117?
False
Is 823 a multip